6. Let y = 27 - -3. Calculate the greatest common factor of f and y.
5
Let l = -1759 + 1783. Let x be (-5)/((-5)/96) + 0. Calculate the highest common factor of x and l.
24
Let g(s) = 3*s. Let f(q) = -7*q. Let m(u) = -2*f(u) - 5*g(u). Let d be m(0). Suppose d = c - 4. Calculate the highest common divisor of 36 and c.
4
Suppose -5*q - 2*q = -56. Suppose -q = -5*x + 3*k, 2*k = k + 4. Suppose -2*s + 80 = 5*c - 0*s, 3*s = -2*c + 32. What is the greatest common divisor of c and x?
4
Let q(u) = 443*u - 28. Let h be q(2). What is the greatest common factor of 78 and h?
78
Let v(g) = -8*g**2 + 97*g - 7. Let s be v(12). What is the greatest common factor of s and 3?
1
Let o(b) = -b**2 - b - 8. Let y be o(0). Let p = y - -20. Let g(t) = -5*t - 2. Let x be g(-4). Calculate the greatest common divisor of p and x.
6
Suppose -7*o + 2382 = -7327. What is the greatest common divisor of 73 and o?
73
Suppose -3*l = -4*h + 459, -4*l + 223 = 2*h + l. Calculate the highest common factor of 57 and h.
57
Suppose 4*o + 1 = 3*i + 5, 4*o = -5*i + 4. Let a be (-2)/(i + 1)*(-18 + -4). What is the highest common divisor of a and 110?
22
Suppose 2*x + 4 - 16 = 0. Let y = 7 + x. Let q = 24 - y. Calculate the highest common factor of 77 and q.
11
Let p(f) = f**3 + f**2 - 6*f - 11. Let t be p(4). Calculate the highest common divisor of 15 and t.
15
Suppose 9*d - 12*d = 30. Let a = d - -18. What is the greatest common divisor of 40 and a?
8
Let z be (31 - 6) + 7 + -5. Calculate the highest common factor of 45 and z.
9
Let p = -39 - -39. Let a = 4 + p. Calculate the greatest common factor of a and 1.
1
Suppose -520 - 784 = -8*c. Let q = -146 + c. Calculate the greatest common factor of q and 136.
17
Let c = 39 - -11. Suppose 125 = t - 3*d + 12, -4*t = -2*d - 492. Calculate the greatest common factor of c and t.
25
Let h = -22 - -36. Let p be (-10234)/(-98) + (-6)/h. What is the highest common factor of 13 and p?
13
Suppose 0 = 2*v + v - 45. Let q(x) = 2*x + 22. Let y be q(9). Let u = y - -20. Calculate the highest common divisor of v and u.
15
Let b be 4 + -2 + 1 + -1. Suppose b*z - 4 = k - 2*z, 4*k + 4*z = 64. Suppose -72 = -2*s - s. What is the greatest common divisor of k and s?
12
Let f be (-1)/3 + 65/15. Suppose -7*l + 4 = -8*l. Let u be (-40)/l*1/1. What is the highest common factor of f and u?
2
Let f(j) = 2*j**2 - 13*j - 45. Let l be f(20). Calculate the greatest common factor of 45 and l.
45
Let k be (-33)/((-1 - -2)*-1). Let v be -13*(0 - 28) - (1 + 0). Calculate the greatest common factor of k and v.
33
Let u(d) = d**2 + 11*d + 44. Let n be u(-5). Suppose n*x - 65 = 103. What is the greatest common divisor of x and 204?
12
Let y be (6 - (-75)/(-10))*-32. What is the highest common divisor of 20 and y?
4
Let g(p) = 9*p - 4. Let k be g(4). Let s = -170 - -142. Let m = s + k. Calculate the greatest common factor of 16 and m.
4
Suppose 71 = -3*n + 287. Let f(u) = 6*u + 44. Let y be f(-6). What is the highest common factor of n and y?
8
Let g be 2398/16 + (-1)/(-8). What is the greatest common factor of 90 and g?
30
Let j be 18/15*7/35*25. What is the highest common factor of 14 and j?
2
Let b = 28 - 18. Suppose -2*n = -7*n - b, -16 = -3*j + 2*n. Calculate the greatest common divisor of 12 and j.
4
Let b = -1 - -4. Suppose -b*o - 99 = -3*k, -31 = -0*k - k + 2*o. What is the highest common factor of k and 5?
5
Let w(h) be the second derivative of 0 - h - 1/12*h**4 + 7*h**2 + 17/6*h**3. Let v be w(16). Calculate the greatest common factor of v and 20.
10
Let z be ((-4)/(-10))/((-4)/(-20)). Suppose d + d - z = 0. Let s be -2 + d + 25 + -2. Calculate the highest common factor of s and 2.
2
Let w be 84 + (3 - 7) + -1. What is the highest common divisor of w and 1?
1
Let g = 63 + -19. Calculate the greatest common divisor of g and 33.
11
Let m(a) = -6*a + 22. Let w be m(5). Let i(z) = -2*z - 12. Let g be i(w). Calculate the highest common divisor of 44 and g.
4
Let g = 46 + -44. Suppose 0 = -m + g*m - 8. What is the highest common divisor of m and 88?
8
Suppose 2*s + 78 = 5*s. Suppose 0*n = -2*n - 5*v - 1, 3*n - s = -2*v. What is the greatest common factor of 48 and n?
12
Let t be (3/(-6))/(1/(-4)). Suppose 0 = -2*p + i + 39, 25 = t*p + i - 20. Suppose 0 = -3*z + 5*z - 294. What is the greatest common divisor of z and p?
21
Let z be -3 - -14 - (6 + (-9)/3). Suppose 12*f = z*f + 8. What is the highest common factor of f and 34?
2
Let v be 53/4 + -2 + 6/8. Suppose 0 = v*q - 8*q - 8. What is the highest common divisor of q and 20?
2
Suppose 0 = 12*w - 4*w - 1440. What is the greatest common factor of 54 and w?
18
Let x = 4 + -23. Let a = x - -26. Suppose -3*q + 37 = r, 0*r + 3*r - 3*q - 75 = 0. What is the greatest common factor of a and r?
7
Suppose 2*a = -10, 10*r - 6*r = 3*a + 27. Suppose 0 = -6*x + 63 + r. Calculate the greatest common factor of x and 209.
11
Suppose 27 = -5*b + 7. Let m(v) = -v**2 - 4*v + 2. Let t be m(b). Suppose 330 = 4*f + 11*f. What is the highest common divisor of t and f?
2
Let q = 30 - -10. What is the highest common divisor of 5 and q?
5
Let n(b) be the second derivative of 1/6*b**3 + 4*b**2 + 0 + 4*b. Let x be n(-6). Calculate the greatest common factor of x and 8.
2
Suppose -103 = -3*a + 89. Suppose 28 = 4*c - a. Calculate the highest common divisor of c and 46.
23
Let g = -6 + 22. Suppose 5*h - 48 = 4*r + 18, -2*h - 10 = r. Let m = r - -22. Calculate the greatest common divisor of m and g.
8
Let o be ((2*27)/(-3))/(-2 + 1). Suppose 4*p - 123 = -5*r, 4*r + 4*p = 119 - 23. Let h = r - 9. What is the greatest common divisor of h and o?
18
Let f be 7/(-6) - (20/24 - 1). Let m be (1*f)/((-16)/32). Calculate the greatest common divisor of m and 2.
2
Let k = -7 + 12. Let c be (0/(-1))/1 + k. Suppose -5*z - 53 = -3*i, 51 = 5*i - c*z - 44. What is the greatest common divisor of 14 and i?
7
Suppose z - 2*r = 1, -3*r + 4*r = -3*z + 31. Suppose -z*v + 6*v + 15 = 0. Suppose -v*a + a + 468 = 0. What is the highest common divisor of a and 13?
13
Let t be -1*(80/(-2))/(-2). Let c be (3 + 56/t)*85. Calculate the highest common divisor of c and 51.
17
Let n(q) = -q**3 - 8*q**2 + 9*q + 5. Let x be n(-9). Let p be 2 + 45 - -2*4. What is the greatest common factor of p and x?
5
Let q(b) = -b**3 - 2*b. Let m be q(-2). Let h = 44 + -31. Suppose h = 2*u + 7. Calculate the highest common divisor of m and u.
3
Let c = 11 + -12. Let w be (-85)/(-3) - c/(-3). Suppose -5*d = -d - w. What is the highest common divisor of 49 and d?
7
Let h = -1108 + 1213. What is the highest common factor of h and 147?
21
Let n = 63 + -16. Let f be (-1177)/(-5) - 10/25. What is the highest common factor of f and n?
47
Let u(a) be the second derivative of a**5/10 - 7*a**4/12 + 5*a**3/6 + 11*a. Let l be u(4). Calculate the highest common divisor of 12 and l.
12
Let q = -312 + 416. Calculate the highest common factor of 32 and q.
8
Suppose 5*q + 17 = -2*k - 4, -4*k = -q - 13. Let l be 0/(-1) + (6 - 2). Let p be (k/l)/(3/72). Calculate the highest common divisor of p and 108.
12
Let f = -202 + 234. What is the highest common divisor of 416 and f?
32
Suppose 4*r - 1 = 7. Let s(k) = -3*k + 5. Suppose 0 = -0*z - 5*z. Let w be s(z). What is the greatest common divisor of w and r?
1
Let h be (-1 - 8)*(39 + -41). Calculate the highest common factor of h and 75.
3
Let r = -398 - -423. Calculate the greatest common factor of 30 and r.
5
Suppose -j + 3*j = -4*v + 26, -32 = -5*v - 2*j. Let c be (7 + (-143)/22)/(5/960). Calculate the greatest common factor of c and v.
6
Suppose 4080 = 13*w - 392. What is the highest common divisor of w and 258?
86
Let b(x) = 137*x + 166. Let w be b(0). What is the greatest common divisor of 1826 and w?
166
Suppose 0 = o - 4, -3*i = 8*o - 5*o - 168. Calculate the greatest common factor of 832 and i.
52
Let t(o) = -7*o**3 - 1. Let a be t(-1). Suppose 0 = a*h - h - 10. Suppose -3*r - j + 47 = -h*j, 5*r + 4*j = 84. What is the highest common divisor of r and 24?
8
Suppose 17 = q - 43. Let w = q - 51. Calculate the highest common divisor of w and 18.
9
Let m = -890 - -1550. What is the greatest common divisor of m and 240?
60
Let o be ((-388)/(-12) - -1)*(-3)/(-2). Suppose -5*a + 5*f + o = 0, -56 = -0*a - 5*a + 2*f. What is the highest common factor of 84 and a?
12
Let y = 67 